h - 66*h = 68. Let z(p) be the first derivative of 3*p**h + 1/3*p**3 + 2*p + 29. Calculate z(-5).
-3
Let o be 0/(3/(-12)*4). Let j be o*6*(-7)/(-84). Let c(r) = r**3 + r**2 + 23. Calculate c(j).
23
Let a(m) be the second derivative of m**4/4 - m**3/3 - 25*m**2 - 212*m. Let d(v) be the first derivative of a(v). What is d(-1)?
-8
Suppose 4*v - 4*g = 28, 4*g - 5*g + 11 = v. Let w(l) = 20*l - 183. Determine w(v).
-3
Let q = 36 + 4. Suppose 5*u - 55 = q. Suppose -a + 5*w - u = -0*w, 5*a - 5*w = 5. Let f(x) = x**2 - 5*x - 5. What is f(a)?
1
Let j(u) = 98*u**2 + 3*u - 9. Let s(m) = 490*m**2 + 15*m - 49. Let w(h) = -11*j(h) + 2*s(h). Calculate w(1).
-100
Let f(n) = n**2 + 12*n + 13. Let z be -11 - -2*(2/6)/(18/27). Calculate f(z).
-7
Let f be (18/(-10))/(1/(-5)) - 15. Let g(h) = h**3 + 5*h**2 - 4*h + 13. Give g(f).
1
Let f(s) = 2 + 58*s - 26*s - 26*s - 3*s**2 + 4*s**3 - 18*s**3 - 5. What is f(1)?
-14
Let h(o) = 2*o + 4 + 8*o + 7*o**2 + 0*o + 12*o**3 - 9*o**3 - 2*o**3. What is h(-3)?
10
Let l(w) = 7*w**3 + 26*w**2 + 16*w + 14. Let k(c) = -17*c**3 - 64*c**2 - 41*c - 36. Let n(r) = -5*k(r) - 12*l(r). Suppose 5*z + 42 = 12. Give n(z).
6
Let p(o) = 9*o - 7. Let c(z) = -31*z + 22. Let a(g) = -2*c(g) - 7*p(g). Suppose 0 = -5*b + 23 + 2. Suppose -2*l + b = -15. Calculate a(l).
-5
Suppose 0 = 4*u + 8, 2*h - 3*h + 3*u + 8 = 0. Let q(v) be the third derivative of v**5/20 - v**4/24 - v**3/3 - 684*v**2. Determine q(h).
8
Let i(m) = 2*m**2 + 0*m**2 - m**2 - 150 + 16 + 3*m + 113. Determine i(-9).
33
Let f(l) = -14*l - l**2 + l**2 - 38 + 2*l**2 - 3*l**2 - 2*l. What is f(-13)?
1
Let t = 0 - -1. Let g = -65 + 211. Let r(o) = -g*o**2 - 143*o**2 + o + 288*o**2. What is r(t)?
0
Let v be 42/35*(1 + -3*2). Let s(d) be the first derivative of -1/2*d**2 - 6*d - 24. What is s(v)?
0
Let c(q) = q**3 - 2*q**2 - q + 3. Let b = -8077 - -14860. Suppose b = z - 20*z. Let m be (z/49 - -7) + 46/14. Determine c(m).
9
Let v(i) = 12*i - 64. Let g(z) = 2*z**2 - 46*z - 43. Let n be g(24). Calculate v(n).
-4
Let p(g) = 26*g**2 - 12*g - 16. Let l(r) = 94*r**2 - 45*r - 57. Let n(x) = 5*l(x) - 18*p(x). Let j = 7 - 3. What is n(j)?
-1
Suppose -5*n + 2*s - 4*s - 27 = 0, -5*s - 30 = 5*n. Let w(h) = h**2 - 2*h + 6. Let j(b) = -b**2 + 2*b - 5. Let l(q) = n*j(q) - 4*w(q). Calculate l(-3).
16
Let k(t) be the first derivative of -t**2/2 + 6*t - 1. Let g(m) = m**2 - 33*m + 168. Let r = 83 - 56. Let l be g(r). Determine k(l).
0
Let u(a) = -2*a**2 - 3*a + 2. Suppose 2*f + 459 - 375 = 0. Let p be f/56*(-3 + -1)/(-1). What is u(p)?
-7
Let l be 21*-1*199/597. Let t(j) = j - 15. Let a(r) = -2*r + 15. Let q(b) = 3*a(b) + 4*t(b). Give q(l).
-1
Let n(i) = -5*i + 5. Let b = 65 - 56. Let h(m) = -4*m + 39. Let y be h(b). Let p be ((-2)/2)/(((-9)/12)/y). What is n(p)?
-15
Let s = -298439/60 - -4974. Let r(l) be the third derivative of -s*l**5 - 1/2*l**3 + 1/3*l**4 - 2*l**2 + 0 + 0*l. Calculate r(8).
-3
Let r(k) = k**3 + 2*k**2 + 2*k - 2. Suppose -6*a + 7*a - 38 = 5*c, -a - 4*c = -56. Let g = 46 - a. What is r(g)?
-6
Let j(a) = -2*a**2 + 19*a + 36. Let o be 3 + (-24 + 28)/(5/10). What is j(o)?
3
Let i(w) = -217 - 229 + 72*w**3 + 3*w + 448. What is i(-1)?
-73
Let b(s) be the third derivative of 107*s**2 - 2/3*s**3 + 0 - 1/12*s**4 + 0*s. Determine b(5).
-14
Let u = -5 - -8. Let a(n) = -n - 3. Let v(x) = -x - 2. Let y(g) = u*a(g) - v(g). What is y(-3)?
-1
Let u(t) be the third derivative of t**5/60 + 5*t**4/8 - 11*t**3/3 + 95*t**2 - 21*t. Calculate u(-16).
-6
Let g(h) = h**3 + 2*h**2 + 4*h - 5. Let v be g(4). Let s(j) = -10 + 98*j**2 - 206*j**2 + 12*j + v*j**2. Calculate s(10).
10
Let f(t) = 41*t + 822. Let j be f(-20). Let b(m) = -32*m**2 + 3*m - 1. What is b(j)?
-123
Let t(x) = x**3 - 6*x**2 - 6*x - 7. Let r be ((-5)/10)/((-249)/126 + 2). Let y be -3 + (-7)/(r/351). Let z be 8/12 + (y/9)/2. Give t(z).
0
Let a(t) be the second derivative of t**4/3 - 5*t**3/6 + 4*t**2 + 4*t. Let g be a(2). Let d(p) = -4 - 7 - p + g. Give d(4).
-1
Let o be 0*2/(-4) + 1*-52. Let p be 1157/o - (-2)/8. Let j = p - -16. Let f(l) = l**2 + 6*l - 5. Give f(j).
-5
Let l(q) = q**2 + 4*q + 3. Suppose -2*w + 4*s = -7 + 15, 0 = -w + s. Suppose 4*h - 3*i = w - 16, -2*i = 0. Determine l(h).
0
Let h(o) = -o**3 - 6*o**2 + 7*o - 13. Let d = 7077 + -7084. Determine h(d).
-13
Suppose 40*a - 27*a - 78 = 0. Let j(o) be the third derivative of -1/4*o**4 + 0 + 2/3*o**3 - 3/20*o**5 + 19*o**2 - 1/120*o**a + 0*o. What is j(-8)?
-12
Let v(r) = 2*r - 10. Let k(g) = -g**3 + 7*g**2 - 2*g + 12. Let u be k(8). Let a = u + 73. Suppose 14 = a*j - 21. What is v(j)?
4
Let n(d) be the second derivative of -3*d**4/2 + 5*d**3/6 + 2*d**2 - 2686*d. Determine n(-1).
-19
Let x be -2*(-10)/28 - 222/(-777). Let f(t) = t**3 + 3*t**2 - 1. Let b be f(x). Let j(r) be the first derivative of r**4/4 - 4*r**3/3 + 3*r - 1. Calculate j(b).
-6
Let l be 4/(-26) + -14 + (-1422)/(-117). Let g be (4 + l/1)*4. Let q(i) = -i**3 + 8*i**2 - 3. Calculate q(g).
-3
Let a = 30 + -22. Let n be 1/((-4)/a - (-1 + 0)). Let g(u) = -3*u**2 - 18*u + 4*u**n - 19*u + 40*u. What is g(-4)?
4
Let l be ((-36)/(-10))/(15/(-75)). Let w be (1 + 10/(-15))/((-2)/l). Let r(q) = -q**w + 17 - 23 - 2*q**2 - q - 4*q**2. Determine r(-6).
0
Let w be 11/(55/(-25)) + -5. Let h(a) be the first derivative of -a**4/4 - 11*a**3/3 - 9*a**2/2 + 10*a - 2. Give h(w).
0
Let p be (1 - 0)/(6/30). Let s(i) = -3*i + 23. Let w(z) = 5*z - 35. Let u(m) = p*w(m) + 8*s(m). What is u(-7)?
2
Let q(w) be the third derivative of 14*w**2 + 0 + 3/8*w**4 + 3*w - 1/60*w**5 - w**3. Let h = 11 - 4. What is q(h)?
8
Let i(c) = -254*c + 728*c - 216*c + 62 - 21 - 237*c. Give i(-5).
-64
Let f = 90 - 120. Let u be 0*6/f - 5*-1. Let m(l) be the first derivative of l**3/3 - l**2 - 6*l - 3. Give m(u).
9
Let u(c) = 67*c - 2892. Let w be u(43). Let l(j) = j**2 + 11*j - 6. Determine l(w).
-6
Let o(c) = c + 12. Let u(h) = h + 9. Let x(m) = -1. Let y(a) = -u(a) + 2*x(a). Let n(l) = 6*o(l) + 5*y(l). Let b be -1 - 3/(-1) - 2. Give n(b).
17
Suppose -5*s + 2*a = -5 - 2, -2*s + 14 = 2*a. Let r(z) = -s*z + 9*z**3 - 10*z**3 + 4 - 4*z**2 + 5*z - z. Let x = -13 - -10. Determine r(x).
-8
Let z(t) = -11 - 20*t + 31*t - 9*t. Suppose 2*i + 16 = 4*i. Suppose -i = -h - 0*h. Calculate z(h).
5
Let n be 12/2*(-57)/342. Let g(t) = 48*t - 1. Give g(n).
-49
Let l(s) = -25*s - 1142. Let d be l(-46). Let g(i) = -8*i + 65. What is g(d)?
1
Let z(y) = -4*y**3 + 8*y**2 + 6*y - 2. Let l be z(-1). Suppose -3*w - 31 = -l*m, 5*m + 2*w - 18 = 38. Let n(r) = r - 10. What is n(m)?
0
Let s(u) be the second derivative of -1/6*u**3 + 52*u - 1/2*u**2 - 2. What is s(-4)?
3
Let x(y) be the third derivative of -y**6/360 - y**5/10 + 2*y**4/3 - 3*y**3 - 219*y**2. Let k(c) be the first derivative of x(c). Give k(-11).
27
Let p(b) = -9*b + 9. Suppose 11*q - 6*q + 22*q = 27. Determine p(q).
0
Let o(l) be the second derivative of -l**4/12 - 2*l**3/3 - 6*l**2 + 49*l. Let n(h) be the first derivative of o(h). What is n(-4)?
4
Let s(r) = -3*r - 5. Let f(p) = -2*p - 1. Let u(b) = 15*b + 37. Let i be u(-3). Let q(z) = i*f(z) + 3*s(z). What is q(5)?
28
Let c(s) be the first derivative of s**3/6 - s**2/2 + 25*s + 72. Let v(g) be the first derivative of c(g). What is v(2)?
1
Suppose 31*q + 27 = 117 - 28. Let l(f) be the first derivative of -4*f - 5 + 9/2*f**q - 1/3*f**3. Give l(6).
14
Let w(q) = 23*q + 37. Let b(s) = -75*s - 112. Let o(p) = -4*b(p) - 14*w(p). Give o(-3).
-4
Let h(k) = 6*k**3 - 34*k**2 + 8*k + 9. Let u(b) = -b**3 + 6*b**2 - 2*b - 1. Let t(i) = h(i) + 5*u(i). Suppose 0 = 4*a + 1 - 17. What is t(a)?
-4
Let a = 7 - 6. Suppose -4*r - 3*x + a = -28, 8 = r + x. Suppose 0*n + n - 3*j + 15 = 0, -5*n = 5*j - r. Let v(k) = -k**3 - 4*k**2 - k - 2. Determine v(n).
-8
Let q(i) be the first derivative of -i**4/4 - 2*i**3/3 - 3*i**2/2 - 38*i - 684. Determine q(0).
-38
Let t(n) = 0*n - 9*n - 1288*n**2 + 22 + 2571*n**2 - 1284*n**2. Calculate t(-11).
0
Let c = -5 + -1. Let v(u) be the first derivative of -u**4/24 - 10*u**2 - 6. Let s(b) be the second derivative of v(b). Give s(c).
6
Suppose -2*q + 5*w = 0, 2*w + 2 + 17 = -3*q. Let u(d) = -10*d**2 - 49*d + 6. Let y be u(q). Let h(a) = 29*a**2 + 1. What is h(y)?
30
Let n(w) be the first derivative of 17*w**4/4 - w**2 - w + 1. Let j be ((-2)/(-3))/((-1268)/1902). Calculate n